*x - 5*x = -3*b + 744. What are the prime factors of b?
3
Let v be (-4)/(-6) + 22/(-33). Suppose 200 = 8*j - v*j. Suppose s + 4*s = j. What are the prime factors of s?
5
Suppose -3*n = 0, 0 = -3*a + 8*a + 4*n + 103242 - 280042. What are the prime factors of a?
2, 5, 13, 17
Let g be 1*-1 + 7 + 19. Let l = g - 23. Suppose -l*p - 20 + 146 = 0. List the prime factors of p.
3, 7
Let s = 12790 - 6589. List the prime factors of s.
3, 13, 53
What are the prime factors of 41273 + (69*1/3 - 10)?
2, 3, 7, 983
Let u be 5 - (-2 + 2) - (-9 + 1). Let p = 476 - u. What are the prime factors of p?
463
Let d be (12/4 - 6)*-2. Suppose d*a + 385 - 61 = 0. Let y = a + 89. What are the prime factors of y?
5, 7
Suppose -14*x = -54325 - 55631. List the prime factors of x.
2, 3, 7, 11, 17
Suppose -501 + 2571 = 9*c. Let g = c + 222. What are the prime factors of g?
2, 113
Let n(v) = -9 + 107*v + 197*v - 91*v. Let z be n(3). Suppose 29*i = 35*i - z. List the prime factors of i.
3, 5, 7
Let y(x) = -58*x - 203. Let z be y(-17). Suppose -z = -v + d + 59, 1669 = 2*v + 3*d. What are the prime factors of v?
839
Suppose 2*h = -3*o + 9005, 122*o - 121*o + 4500 = h. List the prime factors of h.
7, 643
Let o = -125 - -107. What are the prime factors of 306 - (-6 - o)/3?
2, 151
Suppose 2*t - 4*k + 1882 = 0, -4*k = -t - k - 946. Let j = -249 - t. What are the prime factors of j?
2, 11, 31
Let c = 36 - 35. Let a be (2 + 12)/(c/2). Suppose -33*j + 450 = -a*j. What are the prime factors of j?
2, 3, 5
Suppose 5*c - 350 - 50 = 2*o, 5*c - 365 = -5*o. Let y = c - 82. List the prime factors of ((-5)/y)/(8/352).
5, 11
List the prime factors of 33 + (-45 - -9) + 1*53561.
2, 61, 439
Let u = -13 + 15. Suppose 159 = 5*z + 3*x - 493, -258 = -u*z - 4*x. List the prime factors of z.
131
Let w = 46 - -17467. List the prime factors of w.
83, 211
Let i = -3982 + 6210. What are the prime factors of i?
2, 557
Let f(x) = 8*x**2 + 3*x + 5. Let z be f(6). Let d = -218 + z. What are the prime factors of d?
3, 31
Suppose 23*j - 35*j = -19404. Suppose -8*d + j = -3399. List the prime factors of d.
3, 11, 19
Suppose 0 = 4*b - 3*z - 26627, -3*b = 4*z - 9111 - 10828. List the prime factors of b.
6653
Let s(f) = 17 + 17 + 12 + 5*f. Let o be s(-20). List the prime factors of o/36 - (-622)/4.
2, 7, 11
Let c(q) = 6*q**2 + 53*q - 30. Let k be c(-9). List the prime factors of k/63*7*-3.
7
Suppose -54 + 42 = -6*u. Suppose -4*c - u*m + 7*m = -1289, -4*c + m = -1285. List the prime factors of c.
3, 107
Let l(h) = 114*h**2 - 8*h - 7. Suppose 0 = -68*u + 72*u + 4. List the prime factors of l(u).
5, 23
Suppose 5*o - 410 = 2*b, 0 = -13*o + 11*o - 8. Let w = 376 + b. What are the prime factors of w?
7, 23
Suppose -45*u + 866160 = 63*u. What are the prime factors of u?
2, 5, 401
Let v be (-60 + 62)/((-2)/1). What are the prime factors of (-2 + (v - -173))*4/8?
5, 17
Let o be (-35)/(-10) - 1/2. Let x = o + 0. Suppose 87 + 64 = 3*q - j, 5*j + 155 = x*q. List the prime factors of q.
2, 5
What are the prime factors of 15/20 + (59316/16 - 1*6)?
2, 3, 617
Let q(d) = -d + 2. Let v be q(9). Let r(n) = 6*n**2 + 7*n - 2. What are the prime factors of r(v)?
3
Let l be (-134992)/154 - 8/(-14). Let p = -535 - l. What are the prime factors of p?
11, 31
Let r = 3354 - 2909. What are the prime factors of r?
5, 89
Suppose -14*a = -12*a - 496. Let s = 18 + a. List the prime factors of s.
2, 7, 19
List the prime factors of ((-7 + (-3822)/(-12))*18)/1.
3, 7, 89
Let h(a) = -69*a - 9. Let r be h(1). Let z = 87 + r. List the prime factors of 5 + z*(28 - 0).
257
Let b = 15823 - -42100. List the prime factors of b.
57923
Let j(b) = -104*b**3 + 6*b**2 + 7 + b - 19 + 124*b**3. List the prime factors of j(4).
2, 3, 19
Suppose -4*u = k - 145, -2*u - k - 2*k = -65. Let a = 558 + -553. Suppose -a*j + 323 = -u. What are the prime factors of j?
2, 3
Let m = -938 - -1116. List the prime factors of m.
2, 89
Suppose 2*z + 9396 = 5*c - 9196, -3723 = -c + 5*z. What are the prime factors of c?
2, 11, 13
Suppose 38*c - 138214 - 365476 = 0. What are the prime factors of c?
5, 11, 241
Let x(p) = p**3 - 53*p**2 - 132*p + 126. List the prime factors of x(58).
2, 5, 929
Let j = 10723 + 856. What are the prime factors of j?
11579
Let q(t) be the third derivative of t**5/60 - 7*t**4/12 - 3*t**3 - 33*t**2. Let w be q(16). Suppose -w*k + 765 = -9*k. What are the prime factors of k?
3, 17
Let s = -17536 - -45121. List the prime factors of s.
3, 5, 613
Let m be (-3)/12 + 2/(-8)*-29. Suppose -2*r - 15 = -m*r. Suppose 2*b + 6 = -t, -b - 4*b - 13 = r*t. What are the prime factors of t?
2
Suppose -8*b = -9*b + t + 50463, 201887 = 4*b + t. What are the prime factors of b?
2, 5, 7, 103
Let u be (-6)/8*(-112)/42. Suppose -6*n + n + 2812 = -u*k, -3*k = -12. List the prime factors of n.
2, 3, 47
Let u = 106481 - 73611. What are the prime factors of u?
2, 5, 19, 173
Let o(b) = -486*b**3 - 2*b + 12. Let k be o(-4). Suppose -28*i = 3*i - k. What are the prime factors of i?
2, 251
Let c(g) = -2*g**2 - 52*g + 47. Let r(x) = -19*x + 71. Let w be r(5). What are the prime factors of c(w)?
11, 13
Suppose -4*s + 11004 = 4*w, 1375 = -3*w + 5*s + 9628. Suppose 8*q = w + 2321. List the prime factors of q.
2, 317
Let t = 30361 + -17815. What are the prime factors of t?
2, 3, 17, 41
Suppose 0 = b - 5*t - 27, 0 = -4*b + b - t + 49. Let i be 7 + (12/(-18))/((-14)/(-84)). Suppose -i*v + 38 - b = 0. List the prime factors of v.
7
Let u be 6/45 + 48588/(-270)*-3. Suppose 2*g = 4*w - 744, -3*w - g = 2*g - u. What are the prime factors of w?
2, 23
Let s(d) = 2141*d**2 + 4*d - 13. Let k be s(2). What are the prime factors of (k/(-15) + 2/(-5))*-1?
571
Suppose -g - 15 = -16. Let i be ((-10)/6)/(g/(-711)). Suppose -44*x - i = -49*x. What are the prime factors of x?
3, 79
Let y = -17550 - -26859. List the prime factors of y.
3, 29, 107
Suppose 42956 = 249*a - 234*a - 273259. List the prime factors of a.
3, 7027
Let x = 17070 + 20018. List the prime factors of x.
2, 19, 61
Suppose h - 47 = -3*r, 2*h = 3*r - 16 - 16. Suppose 3*n + r*n - 7871 = 0. List the prime factors of n.
463
List the prime factors of 25/((-150)/72) - -3991.
23, 173
Let f(r) = r**3 + 5*r**2 - r - 1. Let s be f(-5). Suppose -5*u = 2*x - 1840, -6*u + 2782 = 3*x - s*u. List the prime factors of x.
2, 3, 5, 31
Suppose 3*t + 1470 = -4*y + 401, 0 = -2*t + 3*y - 724. Let m = 729 - t. What are the prime factors of m?
2, 17
Suppose -3*u - 1569 = i - u, -4*i + 4*u - 6300 = 0. Let l = i + 2268. List the prime factors of l.
5, 139
Suppose -2*p - 4*o = -6*p + 32, -5*o + 8 = 3*p. Suppose -p = -u - 7. What are the prime factors of (-4 + 38/4)/(u/(-2))?
11
Suppose 112340 + 250579 = 16*g + 32151. List the prime factors of g.
3, 2297
Let h = -100648 + 46848. What are the prime factors of h/(-175) + (-4)/(-7)?
2, 7, 11
Suppose 24 = -i + 5*i + 4*a, 3*i = -4*a + 21. Suppose 4*u + i*j = 15, 0*u - 25 = 3*u - 5*j. Suppose -14*d - 539 + 1617 = u. List the prime factors of d.
7, 11
Let b = -1976 + 6860. List the prime factors of b.
2, 3, 11, 37
Suppose 4*m = 20*m - 1408. Suppose -19152 = -116*f + m*f. List the prime factors of f.
2, 3, 19
Let f = -890 + 32481. What are the prime factors of f?
7, 4513
Let v(w) = -w**2 - 7*w + 11. Let k be v(-8). Let u(a) = 10*a - 6 + 17*a + 6*a - k*a. List the prime factors of u(6).
2, 3, 29
Suppose 3*u + d + 417 = -2*u, -330 = 4*u + 2*d. Let s = u - -87. Suppose -2*c + s*o - 4*o = -339, 0 = c - 5*o - 164. List the prime factors of c.
13
Let w(q) = 11*q**2 + 5*q + 4. Let y be w(2). Suppose -b + 46 = -3*v, 2*v + 346 = 5*b + 116. Let j = y - b. What are the prime factors of j?
2, 3
Let v(l) = 1826*l**3 - 2*l**2 + 11*l - 5. List the prime factors of v(2).
47, 311
Let k(x) = -x**3 + 16*x**2 + 17*x + 11. Let r be k(17). List the prime factors of (-2)/((-1 + 0)/(418/r)).
2, 19
List the prime factors of ((-64514)/(-95) + (-102)/(-969))/((-6)/(-80)).
2, 283
Let x = 4288 + 8155. List the prime factors of x.
23, 541
Let z(n) = 555*n**2 - 368*n + 7. List the prime factors of z(4).
5, 1483
Let p(c) = -5*c**2 - c - 1. Let g be p(-3). Let n = -37 - g. Suppose -n*d = -4*d - 252. What are the prime factors of d?
2, 3, 7
Suppose -14220 = -4*q - 4*r, 17766 = 4*q + q + 2*r. List the prime factors of q.
2, 3, 37
Let t(m) = 10136*m - 4091. What are th